-11244 + 413333?
402034
In base 3, what is -11 - 10012001102000201?
-10012001102000212
In base 14, what is 40b + 11cd3?
12300
In base 2, what is 10001 - 10100111000000011100111?
-10100111000000011010110
In base 15, what is -2 + -4506c5?
-4506c7
In base 5, what is 121121 + 21423?
143044
In base 11, what is -7a8 + -781?
-1479
In base 14, what is 1b80783 + -4?
1b8077d
In base 10, what is 17870249 - 3?
17870246
In base 15, what is 0 - -661d9?
661d9
In base 3, what is -2 - 1220120210222100?
-1220120210222102
In base 2, what is -1010 - 11011011010001?
-11011011011011
In base 12, what is -482 + -bb0?
-1472
In base 3, what is -100222001201222 - -101?
-100222001201121
In base 3, what is -1111221011 + 12021?
-1111201220
In base 5, what is -144 + 113344330?
113344131
In base 14, what is -808480a + -6?
-8084812
In base 6, what is -30431524 - 20?
-30431544
In base 3, what is -10100022210201021 - 100?
-10100022210201121
In base 3, what is 2201 + -11202202?
-11200001
In base 7, what is -25632503 - 2?
-25632505
In base 8, what is 1 + 16545747?
16545750
In base 3, what is -11121222102011 + -10?
-11121222102021
In base 2, what is -10110001 + 100111010001010?
100110111011001
In base 9, what is 7855082 + 2?
7855084
In base 15, what is -33723bd - 1?
-33723be
In base 16, what is -39c5680 - 3?
-39c5683
In base 7, what is 5064155014 + -3?
5064155011
In base 11, what is -2043 - -11687?
a644
In base 8, what is 432513 + 1344?
434057
In base 11, what is 69 - -1642817?
1642885
In base 14, what is -1138a8 - -a8?
-113800
In base 16, what is 9 + -2617b?
-26172
In base 5, what is 1233121322110 + 2?
1233121322112
In base 8, what is -216322300 - -2?
-216322276
In base 13, what is -3 + 1c730b21?
1c730b1b
In base 3, what is -21210 - 22022?
-121002
In base 14, what is -a635 + -830?
-b065
In base 2, what is 11110101000100000 + 10000111011?
11110111001011011
In base 4, what is -12113030011 + 133?
-12113023212
In base 11, what is -4870 - -24035?
1a275
In base 13, what is 29a8467 - -42?
29a84a9
In base 2, what is 1111011000111111011101011000 - -10?
1111011000111111011101011010
In base 3, what is -12220 + -2002202200?
-2002222120
In base 9, what is -5 - -800482720?
800482714
In base 2, what is 100011110001001011 - 1001?
100011110001000010
In base 4, what is -130 + -10103203120?
-10103203310
In base 4, what is -22000302 - -23021?
-21311221
In base 10, what is 488 - -44891?
45379
In base 2, what is 11010101111000001 + -100000?
11010101110100001
In base 4, what is 230 - -13123130012?
13123130302
In base 8, what is 1764367 - -3356?
1767745
In base 10, what is 3987 - -1365?
5352
In base 8, what is 752105 - -47?
752154
In base 4, what is 3 + -3133110132?
-3133110123
In base 6, what is 2334055 - -3033?
2341132
In base 3, what is 12 + -21120201000021?
-21120201000002
In base 8, what is 15447 - -1463?
17132
In base 9, what is 15270 + 343?
15623
In base 2, what is 101000011011 + 11010110101110?
11111111001001
In base 11, what is 118564599 + 4?
1185645a2
In base 7, what is 23625 - 2450?
21145
In base 7, what is -146 + 2441334?
2441155
In base 9, what is 4 + -743052?
-743047
In base 10, what is 8908863 - 11?
8908852
In base 16, what is -3185 + 6be?
-2ac7
In base 11, what is 39a568 - 99?
39a47a
In base 12, what is -a8909 - 159?
-a8a66
In base 16, what is -1256 - -162d?
3d7
In base 6, what is 21413 - 3131003?
-3105150
In base 15, what is 50535 + -23c?
502e8
In base 15, what is -1 - -245be3?
245be2
In base 6, what is -100114420 + 1?
-100114415
In base 11, what is -48 - -580076?
580029
In base 7, what is 12126514 - 3?
12126511
In base 14, what is -1aa + 169b77?
1699ab
In base 12, what is 3237620 - 13?
3237609
In base 3, what is 22020 + 2220211022112?
2220211121202
In base 16, what is -62e + -646?
-c74
In base 4, what is 10201103 + 23221?
10230330
In base 14, what is -41 - 23415?
-23456
In base 5, what is -2342431024 + 202?
-2342430322
In base 11, what is 5692272 - -17?
5692289
In base 9, what is -1 - 4342821?
-4342822
In base 10, what is 2831632 - 214?
2831418
In base 11, what is 14 + -1603797?
-1603783
In base 15, what is -6 + 46ed0?
46ec9
In base 13, what is 2bc126 + -4c?
2bc0a7
In base 5, what is 1 + 2301001110?
2301001111
In base 3, what is -10222001112110001121 - 12?
-10222001112110001210
In base 7, what is 144 + -3636532?
-3636355
In base 5, what is 1124 + -100203332?
-100202203
In base 10, what is 120 - 177279?
-177159
In base 6, what is 1333004233 + -3?
1333004230
In base 6, what is -1130 + -41125425?
-41130555
In base 6, what is 3 - 1320501300?
-1320501253
In base 6, what is 1251 + -252003?
-250312
In base 15, what is 2 + -98bcbc0?
-98bcbbd
In base 11, what is -1a98122 - 36?
-1a98158
In base 3, what is -110 - -1222220200201?
1222220200021
In base 13, what is -3 + -62b9aa?
-62b9b0
In base 9, what is -140 - -3670?
3530
In base 12, what is -1 + 8b137568?
8b137567
In base 4, what is -223 - -3100330103?
3100323220
In base 6, what is -4205113 + 52?
-4205021
In base 2, what is -1101110011 + -111111001?
-10101101100
In base 3, what is 12000 + 2002122012102?
2002122101102
In base 16, what is -294eb + 20?
-294cb
In base 2, what is 1111001001010000 - 1001000?
1111001000001000
In base 12, what is -410341a + -2?
-4103420
In base 9, what is 2510554 + 17?
2510572
In base 2, what is -10100 + -100110001000011001011?
-100110001000011011111
In base 5, what is -100 + 4311432444?
4311432344
In base 8, what is -161013 - -476?
-160315
In base 10, what is -98 + -59539?
-59637
In base 9, what is -3 + 37226814?
37226811
In base 16, what is 2243 + -43f2?
-21af
In base 16, what is -2 + f5f03?
f5f01
In base 12, what is -4 - -1876517?
1876513
In base 6, what is 411033045 + 5?
411033054
In base 9, what is 638654 + 1842?
641606
In base 4, what is -3031020 - 213323?
-3311003
In base 6, what is 502 - 342001?
-341055
In base 2, what is -1010000111000001 - 11110?
-1010000111011111
In base 15, what is d0 - -1abd?
1b9d
In base 13, what is 4a92cc8 - -4?
4a92ccc
In base 4, what is -2333103033322 + 1?
-2333103033321
In base 14, what is 0 + 9cc423?
9cc423
In base 7, what is 241 - -262313?
262554
In base 14, what is -c723 - 152?
-c875
In base 11, what is -92798 + -472?
-9315a
In base 4, what is -10010211120013 + 11?
-10010211120002
In base 7, what is 10410531 + 202?
10411033
In base 2, what is -10 + -100100010001101111001000?
-100100010001101111001010
In base 8, what is -21050 + 425?
-20423
In base 2, what is 0 - 100000001001110001011100011?
-100000001001110001011100011
In base 11, what is a712421 - 6?
a712416
In base 2, what is -11010111011 - -111000010001101010?
110111110110101111
In base 2, what is 10 + 11110010011000111001?
11110010011000111011
In base 2, what is 11001100110000100000110 - 100?
11001100110000100000010
In base 14, what is -2382986 - 1?
-2382987
In base 12, what is -6 - -12b467?
12b461
In base 16, what is -1df0e7 + -211?
-1df2f8
In base 6, what is -1 - 4434243452?
-4434243453
In base 5, what is 112143011243 + -4?
112143011234
In base 13, what is -3 - 7b2b76?
-7b2b79
In base 16, what is 16e8b2b - -3?
16e8b2e
In base 8, what is -54 + -65735360?
-65735434
In base 3, what is -102 + -222220200221?
-222220201100
In base 16, what is -5 - -20f2a7?
20f2a2
In base 13, what is -35392b20 + 1?
-35392b1c
In base 3, what is 12122 - -1122212112201?
1122212202100
In base 3, what is -1221200101111011 - 102?
-1221200101111120
In base 11, what is -2654 + -33494?
-36038
In base 3, what is -200210 + 1202200210?
1202000000
In base 12, what is -1 - -27302557?
27302556
In base 10, what is -114911914 + 2?
-114911912
In base 10, what is -2822747 - -23?
-2822724
In base 8, what is 146 + 17111227?
17111375
In base 7, what is 352424506 + 0?
352424506
In base 2, what is -10010001011110100001 - -101?
-10010001011110011100
In base 3, what is 1101211 - 12222210?
-11120222
In base 15, what is ca20 + 526?
d046
In base 6, what is 100103330 + -35?
100103251
In base 14, what is 2 - 2907d68?
-2907d66
In base 15, what is -134c9 + -5?
-134ce
In base 4, what is 0 - 30011000100?
-30011000100
In base 16, what is 4ba8235 + 4?
4ba8239
In base 10, what is 3 - -3252984?
3252987
In base 4, what is 1002 - 13033031?
-13032023
In base 10, what is -40894865 - -5?
-40894860
In base 10, what is -89635 + 11?
-89624
In base 11, what is -a4 + 260759?
260665
In base 2, w